n factor of y and 18.
6
Let w(f) = f**2 - 6*f - 3. Let b be w(6). Let o(t) = -t - 2. Let a be o(-4). Let c be (-30)/b + a*-1. What is the greatest common factor of 32 and c?
8
Let b = 118 + -172. Let v = -38 - b. Suppose -3*a = -x - 4, -4*x + 2*a + a = -2. What is the highest common divisor of v and x?
2
Let v(s) = -34*s - 17. Let n be v(-4). What is the greatest common factor of n and 68?
17
Let j be 140/(-44) + 4/22. Let z(n) = -2*n**3 - 4*n**2 + 1. Let u be z(j). What is the greatest common divisor of u and 95?
19
Let n = -31 + 99. What is the greatest common factor of n and 17?
17
Let l be (-594)/(-3) - (-24)/4. Calculate the greatest common factor of l and 24.
12
Let b be 1 + 10/(-4)*-2. Suppose o - 2 = 8. Let k = o - b. Calculate the highest common factor of 8 and k.
4
Suppose 0 = 4*k - 3 + 7, 2*z - k = 43. Calculate the greatest common factor of z and 63.
21
Let y(h) = 2*h**3 - 4*h**2 + 2*h. Let c be y(2). Suppose 0 = -c*k - n + 765, -n + 6 = -3*n. Calculate the highest common factor of k and 24.
24
Let f = 91 + -11. What is the greatest common factor of f and 200?
40
Let y(j) = 2*j + 4. Let u(h) = -h**2 - 4*h + 1. Let w be u(-3). Let t be y(w). Calculate the highest common factor of 4 and t.
4
Suppose -3*i = 5*q + 2*i - 605, q - 2*i - 109 = 0. Calculate the greatest common divisor of q and 13.
13
Let d be 56 - 3/((-6)/(-2)). Let s(r) = -3*r**3 - 2*r**2 + 1. Let x be s(-1). Suppose x*k = 10 + 34. Calculate the highest common factor of d and k.
11
Suppose -2*t + 3*f + 164 = 5, t - f = 77. Suppose -5*l = 14 + 26. Let o be 58/6 - l/(-12). What is the greatest common factor of t and o?
9
Suppose -3*b = 1 - 7. Let t(p) = 2*p**3 - 2*p**2 + 1. Let o be t(b). Calculate the highest common divisor of o and 1.
1
Let l = 23 + -11. Suppose -5*v = -4*a - a - 20, 2*v = -4*a + 32. Calculate the greatest common factor of l and v.
4
Suppose -s = -2*s + 20. What is the highest common factor of s and 30?
10
Suppose 2*b + 3*w - 80 = -w, 2*b - 4*w - 48 = 0. What is the greatest common divisor of 24 and b?
8
Let z = -4 + 28. Calculate the highest common divisor of 6 and z.
6
Let w(l) = 156*l. Let g be w(1). Suppose 0*b - 4*b = g. Let z = 116 + b. What is the highest common divisor of z and 7?
7
Suppose w = 6*w. Suppose 3*t + t - 608 = w. Calculate the highest common divisor of t and 19.
19
Let c(t) = 7*t - 42. Let z be c(16). What is the greatest common factor of z and 20?
10
Suppose 0 = -3*g - 1 + 31. Calculate the greatest common divisor of 25 and g.
5
Let c be ((-44)/6)/(-1 - (-2)/3). What is the greatest common divisor of 242 and c?
22
Let h = 7 - 18. Let u be h*(0/(-3) + -1). What is the highest common factor of 77 and u?
11
Let a(b) = -25*b + 10. Let n be a(-9). Suppose -21 - n = -4*q. What is the greatest common factor of 32 and q?
32
Let h(c) = -c**3 + 6*c**2 - 2*c + 6. Let j be h(5). Let m(s) = -s**3. Let q be m(0). Suppose q = 2*i - 14. Calculate the highest common divisor of j and i.
7
Let h(o) = -6*o - 6. Let t be h(-5). Let r be (-2)/5 + (-244)/(-10). What is the highest common divisor of r and t?
24
Let x be 10/6*144/20. Let k(n) = -n**3 - 7*n**2 - 6*n + 2. Let v be k(-6). Suppose -v*b + 34 + x = 0. Calculate the highest common divisor of 161 and b.
23
Let l be 0*(-4)/4 - -24. What is the highest common divisor of l and 6?
6
Suppose 4*p + 8 = -4. Let f(c) = 5*c**2 + 2*c + 3. Let g be f(p). What is the highest common divisor of 28 and g?
14
Suppose 0 = -o - 3*o. Suppose t - 3 + 1 = o. Suppose -5*w - 11 + 36 = 0, 4*c - w = 15. What is the highest common divisor of c and t?
1
Let u be (-6)/15 - 44/(-10). Suppose u*k - t - 518 - 157 = 0, -3*k - t = -501. Calculate the greatest common divisor of 21 and k.
21
Let b be 0/(-3) - -4 - 2/2. Calculate the highest common factor of 5 and b.
1
Let j = -9 - -15. Let o = j + -3. Suppose -27 = -o*c - 3. Calculate the greatest common factor of c and 1.
1
Let m be -3 - (-3 - (3 + 126)). Suppose -f - 156 - m = -4*g, 0 = -f - 5. Calculate the greatest common divisor of 14 and g.
14
Let a = 11 + -9. Let z be a/(-5) + 1214/10. What is the greatest common factor of 11 and z?
11
Suppose o = 6*o - 3*d - 94, -4*d = 3*o - 68. Calculate the highest common divisor of 5 and o.
5
Suppose 15 = -0*k + 5*k. Suppose 3*y + i = 0, 2*i = k*i. Suppose 4*a - 3*f - 23 = y, -3*f - 2*f - 21 = 2*a. Calculate the greatest common divisor of 3 and a.
1
Let m(v) = 0*v - 4*v + 4 + 0*v + v. Let u be m(-4). Suppose -n = n + l - 2, 4*l = -u. Calculate the highest common divisor of 21 and n.
3
Let p be 46/(5 - 3) - -5. What is the highest common factor of 14 and p?
14
Let a(j) = j**3 - 3*j**2 - 8*j + 6. Let h be a(6). Calculate the greatest common factor of 33 and h.
33
Suppose -2*m + 2*b + 20 = 0, -2*m - 10 = b - 27. Suppose 7 = 2*u - 5. What is the greatest common factor of m and u?
3
Suppose -x + 136 = x + 2*m, 4*x + 2*m - 272 = 0. What is the greatest common divisor of 34 and x?
34
Let x = 11 + -3. Suppose 0 = 5*l + x - 48. What is the highest common divisor of 8 and l?
8
Suppose -4*a = -4*b + 216, -4*a - 3*b = a + 246. Let u = -29 - a. What is the greatest common divisor of 110 and u?
22
Let q = 53 - 28. What is the highest common divisor of q and 100?
25
Let r(n) = n**2 + 12*n + 8. Suppose 0*d - 2*d - 20 = 0. Let s be r(d). Let l be ((-6)/(-5))/(s/(-30)). Calculate the greatest common factor of 18 and l.
3
Suppose -2*y - 3*y + 15 = 0. Let n = y + 0. Suppose 51 = 5*h + n*m, 2*m + 14 = 3*h - h. What is the greatest common factor of h and 36?
9
Let k = -4 - -2. Let h(o) = -2 + 4*o + 0 + 2*o**2 - 2*o. Let v be h(k). What is the highest common divisor of 5 and v?
1
Let i = -22 + 46. Let y = i + -12. Calculate the highest common factor of 108 and y.
12
Let o be (54/12)/(2/4). What is the greatest common factor of o and 9?
9
Let x(i) = 2*i**2 - 3*i + 4. Let c be x(-4). Suppose -4*r - c = -408. Calculate the highest common factor of r and 18.
18
Suppose -2*a + 5*a = 240. Let i = -8 - -16. What is the highest common factor of a and i?
8
Let h = -7 + 20. Calculate the highest common factor of 26 and h.
13
Let n be 26*26*(-4)/(-16). What is the highest common divisor of n and 13?
13
Let y(p) = p**3 + p**2. Let f be y(-1). Suppose f*l = -3*l + 3. Let m be l + -3 + 2 + 4. What is the highest common factor of m and 1?
1
Let h be ((-4)/(-2) + -1)*7. Let o be (5 + -6)/((-2)/14). Calculate the greatest common factor of h and o.
7
Let j be ((-1)/(-3))/(2/240). What is the greatest common divisor of j and 440?
40
Let r(c) = -5*c - 4. Let v be r(-3). Suppose 4*h + 0*h - 8 = 0. Let u be (1 - -54) + h + -2. Calculate the greatest common divisor of v and u.
11
Suppose -5*s - o = -428, s - o - 91 = -3*o. Calculate the highest common factor of 17 and s.
17
Let f(k) = -2 + 3 + k + 0. Let h be f(6). Suppose -1 - h = -4*q. What is the highest common factor of q and 6?
2
Suppose t = -2*t + 285. Calculate the highest common divisor of t and 38.
19
Suppose -2*j + 32 = -0*j. Let c(n) = 1 - n**2 - 11 - 6*n + j*n. Let y be c(7). What is the highest common factor of 33 and y?
11
Let k = 3 - -22. What is the greatest common divisor of k and 225?
25
Let i = -25 - -29. Calculate the greatest common factor of i and 28.
4
Suppose 20 = -5*l - 5*i, 0 = -2*l - 3*l + i + 4. Let f(u) = u + 11. Let y be f(l). What is the greatest common factor of 44 and y?
11
Let w be 7 - 0*2/2. Let n = -4 - -5. Suppose -s + 8 - n = 0. What is the highest common divisor of w and s?
7
Let n(f) = 2*f**2 + 5*f - 3 + 2 - 1. Let l be n(-4). Let a = 5 + -3. What is the highest common factor of a and l?
2
Suppose -27 = -g - 1. What is the greatest common factor of 13 and g?
13
Let q be ((-1)/1 + 1)/(-1). Let h(k) = -k**3 + k + 21. Let s be h(q). What is the highest common divisor of 126 and s?
21
Let n be 43 - (-2 + 3)*1. Suppose -m - m + 14 = 0. What is the highest common divisor of n and m?
7
Let b(r) = 4*r - 5. Let o be b(6). Let p = o - 10. What is the highest common factor of 72 and p?
9
Let x(a) = -2 - 7*a - 1 + 15*a. Let f be x(2). Calculate the highest common divisor of f and 117.
13
Let u(z) = 2*z + 6 - z + 7*z**2 + z**3 + 0*z + 6*z. Let s be u(-5). Calculate the highest common factor of s and 3.
3
Suppose 0 = 7*t + 7*t - 560. Calculate the highest common divisor of t and 60.
20
Let x be -1*(-3 + 